
Does 560 divide 2850566507?
False
Is 417 a factor of 28778004?
True
Is 110993408 a multiple of 18?
False
Is 290 a factor of 161445818?
False
Is 14763367 a multiple of 1217?
False
Is 57645093 a multiple of 4475?
False
Is 263665314 a multiple of 594?
True
Does 868 divide 1416779980?
True
Does 265 divide 27905825?
True
Does 11 divide 98615825?
True
Is 219378039 a multiple of 18?
False
Is 5 a factor of 75130170?
True
Is 31475252 a multiple of 41?
False
Does 5564 divide 768978184?
True
Is 56 a factor of 25568648?
True
Is 449058482 a multiple of 20?
False
Is 846 a factor of 18412344?
True
Does 19 divide 118558575?
True
Is 1888611701 a multiple of 4552?
False
Does 1682 divide 610394436?
True
Is 46 a factor of 1307405757?
False
Does 1513 divide 649412814?
False
Does 569 divide 21361694?
False
Is 68400162 a multiple of 1910?
False
Is 1123 a factor of 61621256?
True
Is 674 a factor of 16615204?
False
Is 1053641745 a multiple of 5174?
False
Is 26962122 a multiple of 222?
True
Does 14 divide 2980934838?
True
Does 12 divide 53602320?
True
Does 16 divide 23280989?
False
Is 6088 a factor of 568747048?
True
Does 205 divide 697063550?
True
Is 14 a factor of 49780993?
False
Is 2313 a factor of 20578001?
False
Is 6480984 a multiple of 80?
False
Does 39 divide 1035417630?
True
Is 12 a factor of 142610825?
False
Does 28 divide 257001216?
False
Is 55 a factor of 86545085?
True
Is 113 a factor of 725280620?
False
Is 152664314 a multiple of 98?
False
Is 1021946271 a multiple of 5?
False
Is 209 a factor of 286772244?
True
Does 2009 divide 571783488?
False
Is 751935847 a multiple of 6071?
True
Is 12 a factor of 4604472?
True
Does 17 divide 9614763?
False
Is 44 a factor of 237391528?
True
Is 40 a factor of 7211285?
False
Is 8 a factor of 94936792?
True
Is 173155069 a multiple of 1391?
False
Is 95 a factor of 6559932020?
True
Is 628861168 a multiple of 169?
True
Is 62814096 a multiple of 27?
True
Does 35 divide 92966930?
True
Does 573 divide 2237315724?
False
Does 753 divide 13047984?
True
Is 6 a factor of 19347312?
True
Does 2 divide 1761853978?
True
Is 13856518 a multiple of 1079?
True
Does 19 divide 252813739?
False
Is 1455632662 a multiple of 11?
True
Is 28308218 a multiple of 503?
False
Is 42 a factor of 91519801?
False
Is 29126651 a multiple of 1400?
False
Is 7011182 a multiple of 337?
False
Is 3 a factor of 3150939?
True
Does 8248 divide 76632500?
False
Is 4 a factor of 17902950?
False
Does 84 divide 147087696?
True
Is 21517378 a multiple of 5?
False
Is 5997348 a multiple of 28?
True
Is 112 a factor of 25949556?
False
Does 412 divide 80756638?
False
Does 19 divide 831213235?
True
Is 57600114 a multiple of 187?
True
Is 46 a factor of 75164237?
False
Does 8 divide 33952472?
True
Does 46 divide 373458?
False
Does 33 divide 131869295?
False
Does 30 divide 242368459?
False
Is 1259 a factor of 84918056?
False
Is 45240455 a multiple of 2405?
True
Is 375805925 a multiple of 29?
True
Does 12 divide 79870164?
True
Is 117328631 a multiple of 11?
False
Is 136 a factor of 332454040?
True
Is 1740 a factor of 66398400?
True
Is 6261 a factor of 1608703505?
False
Does 14 divide 463863783?
False
Is 203 a factor of 1590936202?
False
Is 79 a factor of 20775499?
True
Does 374 divide 61179860?
False
Is 3750 a factor of 416149231?
False
Is 41571900 a multiple of 50?
True
Is 3090 a factor of 4829670?
True
Is 13 a factor of 19678871?
False
Is 1869 a factor of 916135442?
False
Is 458 a factor of 2165519978?
False
Is 471843183 a multiple of 161?
True
Is 46657187 a multiple of 23?
False
Is 3 a factor of 15173395?
False
Is 233521368 a multiple of 2662?
False
Does 38 divide 269345558?
True
Does 66 divide 3592808934?
True
Is 26813592 a multiple of 216?
True
Is 2 a factor of 984482?
True
Is 1225 a factor of 15859591?
False
Is 12904184 a multiple of 61?
True
Is 239 a factor of 4252745384?
False
Is 704 a factor of 13113408?
True
Does 2 divide 624506?
True
Is 86758361 a multiple of 548?
False
Is 1969 a factor of 77333836?
False
Is 7391776392 a multiple of 561?
True
Is 1126 a factor of 1263995694?
False
Is 45 a factor of 749890747?
False
Does 5 divide 1228272694?
False
Is 412850160 a multiple of 456?
False
Is 202 a factor of 1861450598?
False
Does 16 divide 4359215184?
True
Is 403171819 a multiple of 1110?
False
Is 392 a factor of 110731095?
False
Does 1590 divide 63135720?
True
Is 716036141 a multiple of 1506?
False
Is 72482832 a multiple of 34?
True
Is 25 a factor of 105022574?
False
Is 19377293 a multiple of 716?
False
Is 14257383 a multiple of 37?
False
Is 2394 a factor of 155693790?
True
Is 10 a factor of 831306540?
True
Does 1048 divide 4131762771?
False
Does 954 divide 108098732?
False
Is 50524656 a multiple of 258?
True
Is 5595 a factor of 507863745?
True
Is 4380 a factor of 142226035?
False
Does 33 divide 197823912?
True
Is 1555 a factor of 16626060?
True
Does 6 divide 84377231?
False
Is 12 a factor of 797759640?
True
Is 1421387608 a multiple of 932?
True
Is 1973 a factor of 4361715?
False
Is 573887420 a multiple of 17?
False
Is 5364560 a multiple of 20?
True
Is 35 a factor of 393642585?
True
Is 8 a factor of 25417948?
False
Is 13 a factor of 1676331839?
True
Is 26905728 a multiple of 12?
True
Is 20 a factor of 63148697?
False
Is 55 a factor of 117043025?
True
Does 523 divide 7497304?
False
Is 3416282 a multiple of 46?
True
Does 230 divide 457118310?
False
Does 12 divide 17580888?
True
Does 1772 divide 1101476972?
True
Does 48 divide 117192591?
False
Is 88 a factor of 7067809?
False
Does 23 divide 4371104?
True
Is 309 a factor of 1497901911?
True
Does 783 divide 59667732?
True
Is 56249797 a multiple of 2171?
False
Is 489 a factor of 2896269?
False
Is 491350020 a multiple of 14?
True
Does 15 divide 1182513075?
True
Is 1445 a factor of 19341260?
False
Is 1690 a factor of 373094540?
True
Is 348631579 a multiple of 151?
False
Does 195 divide 132489979?
False
Does 5 divide 42141105?
True
Does 25 divide 40889500?
True
Does 51 divide 571484886?
True
Is 9161901 a multiple of 9?
True
Is 17 a factor of 618867769?
False
Is 95 a factor of 34839688?
False
Is 94852663 a multiple of 27?
False
Is 254251483 a multiple of 19?
True
Does 37 divide 10730074?
True
Is 15647281 a multiple of 1271?
True
Is 747 a factor of 428305800?
False
Is 75 a factor of 5043225?
True
Does 2 divide 555558877?
False
Does 381 divide 138759832?
False
Is 4905792051 a multiple of 45?
False
Is 29 a factor of 14279513?
True
Is 319956966 a multiple of 147?
True
Is 2802 a factor of 1584959706?
True
Does 6 divide 6211258?
False
Is 11 a factor of 4249458597?
False
Is 1006 a factor of 972344270?
True
Is 135863520 a multiple of 1095?
False
Is 90 a factor of 23447173?
False
Is 162 a factor of 238626402?
False
Is 182 a factor of 13894426?
True
Does 93 divide 3420540?
True
Is 1976155600 a multiple of 8346?
False
Does 17 divide 1440348052?
True
Does 16 divide 29762560?
True
Is 873 a factor of 994347?
True
Is 107592951 a multiple of 293?
False
Is 1367 a factor of 40729765?
True
Is 839 a factor of 135790097?
False
Is 588024479 a multiple of 1371?
False
Is 510 a factor of 2381190?
True
Is 3208884750 a multiple of 9?
True
Does 6 divide 696548372?
False
Does 5525 divide 4501499275?
True
Does 4 divide 405990?
False
Does 1799 divide 1510396?
False
Is 524 a factor of 106497760?
True
Is 179792907 a multiple of 371?
True
Is 336 a factor of 1161253968?
True
Does 16 divide 15061520?
True
Is 100299540 a multiple of 1143?
False
Does 2093 divide 64757420?
True
Is 651236702 a multiple of 662?
False
Does 93 divide 75108530?
False
Is 9 a factor of 6365718?
True
Is 71446704 a multiple of 21?
True
Does 33 divide 140676608?
False
Does 2610 divide 545184630?
True
Is 114 a factor of 165455797?
False
Does 1502 divide 348220607?
False
Is 75135556 a multiple of 14?
False
Is 91233508 a multiple of 4?
True
Is 2338 a factor of 1127335448?
False
Does 644 divide 914252024?
True
Is 58054760 a multiple of 115?
True
Is 5776702 a multiple of 34?
True
Is 4425202698 a multiple of 88?
False
Is 131292 a multiple of 4?
True
Is 64573965 a multiple of 145?
False
Is 21 a factor of 71351742?
True
Is 64604342 a multiple of 288?
False
Is 3124 a factor of 330188056?
True
Does 635 divide 4016164834?
False
Is 32 a factor of 31275929?
False
Is 217 a factor of 235561529?
True
Does 2207 divi